7600)/(-77)?
5
Let k = -42 - -30. Let v be (k/16)/(1/(-4)). What is the tens digit of (v/2)/((-3)/(-172))?
8
Let b = -101 - -1107. Let s = b - 261. What is the units digit of s?
5
Suppose 778232 = 177*b - 1089649. What is the tens digit of b?
5
Let y(v) = -v**3 - 19*v**2 - 7*v + 2. Let w = -162 - -143. What is the hundreds digit of y(w)?
1
Let b = -976 + 1808. Suppose 825*g + 2450 = b*g. What is the hundreds digit of g?
3
Let h(d) = 83*d - 5. Let m be (-8)/4 + 4 + 0 + 9. What is the units digit of h(m)?
8
What is the hundreds digit of 322488/90*(-30)/(-18)?
9
Let t = -33 - -10. Let g = -20 + 68. Let n = g + t. What is the tens digit of n?
2
Let v(p) = p**2 + 10*p + 11. Let d be v(-7). Let x = -206 + 205. What is the units digit of d/2 + x + 132?
6
Suppose -25 = -2*i + i. Let d be (-1)/10*2 - 93/(-15). Let l = i + d. What is the units digit of l?
1
Let m(y) = 4*y - 39. Let o be m(11). Suppose -23864 = -o*r - 14*r. What is the hundreds digit of r?
2
Suppose -52*q + 47*q + 2*g + 47004 = 0, 5*q + 4*g - 47022 = 0. What is the units digit of q?
2
Let c(x) = -13 + 7 - x**2 - 15 + 3. Let a be c(0). Let n = a - -41. What is the tens digit of n?
2
Let b = -873 + 6130. Suppose 11*a = b + 7030. What is the thousands digit of a?
1
Let x = 119 + -117. Suppose -3*s = -5*b - 485 - 683, -s + x*b + 391 = 0. What is the hundreds digit of s?
3
Suppose -10*p = -6*p + 444. Let d = p + 515. Suppose d - 2 = 3*h. What is the units digit of h?
4
Suppose 3*t - 3*b - 2 = -11, -2*t = 5*b - 22. Let y(i) = -75*i + 37*i - 57*i - t. What is the hundreds digit of y(-2)?
1
Let h = -1986 + 4939. Suppose h = 6*b - 1343. What is the units digit of b?
6
Suppose 37*g - 32*g + 3*v = 231697, 4*v - 16 = 0. What is the units digit of g?
7
Let g = 44487 + 10278. What is the hundreds digit of g?
7
Suppose -45*t + 24 = -41*t. Suppose -t = 3*h, -5*h + 4*h - 554 = -2*l. What is the units digit of l?
6
Let w(k) = -5*k - 14 - 10 - 9*k + 42*k**2 - 32*k**2. What is the tens digit of w(7)?
6
Suppose 5*k = 3*t + 220613, -208*k + 176452 = -204*k + 4*t. What is the tens digit of k?
1
Let q(b) be the first derivative of 5*b**2 + 84*b - 49. What is the tens digit of q(24)?
2
Suppose 7612 = 9*b - 41078. Suppose -114*k = -119*k + b. What is the tens digit of k?
8
Suppose -7*b - w + 1935 = -3*b, -b + 5*w = -510. What is the units digit of (-3 - 35/(-14)) + b/2?
2
Let z(x) = 139*x**2 + 143*x**2 - 2 - 284*x**2. Let o be z(-1). What is the units digit of (-302)/(-4) - 2/o?
6
Let t(c) = -3*c**3 - 17*c**2 + 8*c + 1. Let d(z) = z**3 + 8*z**2 - 4*z. Let g(y) = 5*d(y) + 2*t(y). What is the tens digit of g(-6)?
5
Let u(j) = 0 + j - 2*j + j**2 - 8. Let w be u(5). Suppose w*v - 7*v = 225. What is the tens digit of v?
4
Suppose 267718 = 47*g - 4*g. Suppose 17*y = -5*y + g. What is the units digit of y?
3
Let c = 115 - 114. Let m(a) = 39*a + 1. Let w be m(c). What is the units digit of 7485/w + 2/(-16)?
7
Suppose -2*m + 0*m = 0. Let k = 2513 - 2507. Suppose m = -4*s - k*s + 910. What is the units digit of s?
1
Suppose -623705 - 1487285 = -106*j. What is the thousands digit of j?
9
Let v(y) = -32*y - 84. Let g be v(-6). Let h = g + -104. Suppose -166 = -r + h*i + 73, i - 939 = -4*r. What is the units digit of r?
5
Suppose -180 = 13*j + 4539. Let q = 1033 + j. What is the units digit of q?
0
Suppose -2*s = w + 5, 5*s = -3*w - 6 - 7. What is the tens digit of (-1)/(s/(-10)) + 10 + 599?
0
Let j = -17 + 2. Let k(i) = i**3 + 16*i**2 + 16*i + 16. Let p be k(j). What is the tens digit of (3 - 3) + 83 + p?
8
Suppose 0 = -d - 4*o - 496, 54*o - 1472 = 3*d + 58*o. What is the thousands digit of (-85674)/(-45) + -8 + d/(-60)?
1
Let v = -2751 + 4762. Suppose 2525 = 9*d - v. What is the units digit of d?
4
Suppose -2*b + 2*j + 4878 = 0, -2*j = 7 - 11. What is the tens digit of b?
4
What is the ten thousands digit of ((12 - -4) + -43050)*1*1/(-2)?
2
Suppose -4*b = 48*b - 28964. Suppose -b = -7*r + 45. What is the units digit of r?
6
Suppose -z - 409 = 2*t + 1776, 0 = 2*t + 2*z + 2182. Let b = 1629 + t. What is the tens digit of b?
3
What is the hundreds digit of 2/(-3) - 3356416/(-42)?
9
Let y(c) = c**2 + 10*c + 20. Let d be y(-8). Let s(g) = g + 1. Let i be s(5). Suppose -i - d = -w. What is the units digit of w?
0
Let w = 187682 - 104466. What is the hundreds digit of w?
2
Let c = 259 - 76. Let n = -51 + c. Let s = n - 33. What is the units digit of s?
9
Let u(v) = -15*v**3 - 17*v**2 - 21*v - 13. What is the hundreds digit of u(-9)?
7
Let d = 18213 - 788. What is the tens digit of d?
2
Suppose -2*h + 3309 + 4393 = 0. Suppose 4*f - 3*z - 6630 = 0, 5*f - z = h + 4431. What is the tens digit of 10/25 - (f/(-15))/4?
2
Let v(d) = 4*d + 7. Let z be v(2). Suppose 10*a = z*a + 35. Let o(g) = -18*g - 28. What is the units digit of o(a)?
8
Let r(s) = -2*s**2 + 5*s - 7. Let v be r(0). What is the tens digit of (-2)/(-6) - (v + (-892)/6)?
5
Suppose 0 = -5*r + r + 12. Suppose -543 = -r*w + 804. What is the units digit of w?
9
What is the units digit of 4*-3046*(-6975)/1860?
0
Let o = -46013 + 86501. What is the ten thousands digit of o?
4
Let b be (1 - -26) + (0 - 0). Let h = 4469 + -4475. Let o = b + h. What is the tens digit of o?
2
Suppose -2*k = 3*f - 12328 - 18163, -4*f + k + 40640 = 0. What is the tens digit of f?
6
Let p(w) = 262*w**2 + 73*w + 14. Let l be p(-7). Suppose 0 = -48*o + 7*o + l. What is the tens digit of o?
0
Let a = 305 + -306. Let w(r) = -347*r + 20. What is the hundreds digit of w(a)?
3
Suppose -15*d = -4*d - 11. What is the tens digit of (4 - 3)*-1 - (-129)/d?
2
Let n(p) = -6*p**2 - 683*p - 72. What is the thousands digit of n(-71)?
8
Suppose 0 = -4*l + 5*l - 4. Let v(u) = -2*u + u**2 + l*u + 7*u + 5 + 7. What is the tens digit of v(-11)?
3
Let z(g) = 1511*g**2 - 37*g + 40. What is the tens digit of z(2)?
1
Suppose 253*y + 2*p = 251*y + 55632, -2*p = 4*y - 111276. What is the hundreds digit of y?
8
Let f = -3928 - -5359. What is the thousands digit of f?
1
Let f(u) = 54*u**2 + 45*u - 553. What is the thousands digit of f(10)?
5
Let g = 80252 - 28856. What is the tens digit of g?
9
Suppose -2*h - 4*h = -0*h. Suppose -x - x = h. Suppose x = -6*u + 2071 - 625. What is the hundreds digit of u?
2
Let a = 419 + -412. Suppose -a*s = 3*s - 14530. What is the thousands digit of s?
1
Let s(h) = 176*h + 1003. What is the thousands digit of s(26)?
5
Suppose f = -1, -f + 104 = -0*c + 3*c. Suppose -8*u + 7*u = -c. Suppose 0 = -3*a + u + 85. What is the tens digit of a?
4
Suppose 50 = -3*i + 1703. Suppose i - 2951 = -12*l. What is the units digit of l?
0
Suppose 65*y + 563*y = 35449344. What is the ten thousands digit of y?
5
Suppose 17*u = -26*u + 58652. What is the hundreds digit of u + 0 + (-2)/(-4)*-4?
3
Suppose p + 5*s - 47167 = 0, -1492*p = -1487*p - 4*s - 235690. What is the hundreds digit of p?
1
Let i be (18/(-12))/((-5)/90). Let a(y) = 30*y - 31. What is the units digit of a(i)?
9
Let x(v) = -v + 115. Suppose 3*a - 42 - 21 = 0. Let l = 21 - a. What is the units digit of x(l)?
5
What is the hundreds digit of (-186)/310 - (-155116)/10?
5
Let t(s) = -s**3 + 43*s**2 - 41*s - 5. Let q be t(42). Let i(u) = 20*u + 88. What is the hundreds digit of i(q)?
8
Let v = 19 - 11. Suppose 5*k - 2 = v. Suppose k*l - q - 19 = 32, 3*q = -2*l + 63. What is the tens digit of l?
2
Suppose 4 = 16*m - 12. Let u be -1 - (m - 2)*6/6. What is the units digit of (-3)/(1/(-1) - u/8)?
3
Let z(r) = 6079*r + 2625. What is the hundreds digit of z(3)?
8
Suppose 2*b + 4*w + 5185 = 19819, 2*w - 21967 = -3*b. What is the hundreds digit of b?
3
Let c(m) = 4*m**2 - 2*m - 48. Let y(i) = -i**2 + 7*i + 58. Let v be y(11). What is the hundreds digit of c(v)?
7
Let p(l) = -257*l - 1372. What is the units digit of p(-43)?
9
Suppose -3*m = -8*m + 120950. What is the thousands digit of m/123*(-54)/(-10)?
1
Suppose -3*j + 3 = -3*a + 15, -2*a + 5 = -5*j. What is the hundreds digit of 739 + (a - 9/2)*2?
7
Let o(k) = -k**2 - 6*k - 2. Let f be o(-4). Suppose 5*q = -f*q + 3784. What is the hundreds digit of q?
3
Let x(v) = 31530*v + 275. What is the thousands digit of x(3)?
4
Suppose 3*b = 4*w - 47108, 11*b = -5*w + 12*b + 58874. What is the thousands digit of w?
1
Let u(x) = -x**3 + 3*x**2 - x + 4. Let a be u(3). Let k be 2/(-4) + a + 25/10. Suppose -88 - k = -s. What is